{"id":48,"date":"2015-02-17T00:15:42","date_gmt":"2015-02-16T23:15:42","guid":{"rendered":"http:\/\/192.168.1.2\/wordpress\/?page_id=48"},"modified":"2020-07-06T21:45:07","modified_gmt":"2020-07-06T19:45:07","slug":"verein","status":"publish","type":"page","link":"https:\/\/polit-bibliothek.ch\/?page_id=48","title":{"rendered":"Verein"},"content":{"rendered":"<p>Der Verein &#8216;Politische Bibliothek und Diskussion Bern&#8217; wurde 2015 in Bern gegr\u00fcndet. Die Generalversammlungen finden jeweils in der ersten Jahresh\u00e4lfte statt. Interessierte sind jederzeit herzlich willkommen!<\/p>\n<h3>Statuten<\/h3>\n<p><a href=\"http:\/\/polit-bibliothek.ch\/wp-content\/uploads\/2015\/02\/Statuten-VPolBibuD-Bern-def..pdf\">Statuten als PDF<\/a><\/p>\n<h3>Vorstand<\/h3>\n<p>Der Verein &#8216;Politische Bibliothek und Diskussion Bern&#8217;Dieser besteht aus einem Co-Pr\u00e4sidium und zwei Beisitzenden. hat einen vierk\u00f6pfigen Vorstand. Dieser besteht aus einem Co-Pr\u00e4sidium und zwei Beisitzenden.<\/p>\n<h3>Kerngruppe<\/h3>\n<p>Neben dem Vorstand besteht eine Kerngruppe, die etwa 10 Personen umfasst. Sie dient der Koordination der Aktivit\u00e4ten und tagt einmal im Monat.<\/p>\n<p>Interessierte k\u00f6nnen sich per Mail oder pers\u00f6nlich \u00fcber die Vorstandsmitglieder melden, um in der Kerngruppe mitzuarbeiten.<\/p>\n<h3>Mitglied werden<\/h3>\n<p>Der Verein freut sich \u00fcber neue Mitglieder. Wer Interesse hat, kann gerne \u00fcber <a href=\"mailto:info@polit-bibliothek.ch\">info@polit-bibliothek.ch<\/a> mit uns Kontakt aufnehmen.<\/p>\n<h3>G\u00f6nner*in werden<\/h3>\n<p>Nat\u00fcrlich freuen wir uns auch \u00fcber G\u00f6nnerinnen und G\u00f6nner. \u00dcber <a href=\"mailto:info@polit-bibliothek.ch\">info@polit-bibliothek.ch<\/a> kann man mit uns in Kontakt treten.<\/p>\n","protected":false},"excerpt":{"rendered":"<p>Der Verein &#8216;Politische Bibliothek und Diskussion Bern&#8217; wurde 2015 in Bern gegr\u00fcndet. Die Generalversammlungen finden jeweils in der ersten Jahresh\u00e4lfte statt. Interessierte sind jederzeit herzlich willkommen! Statuten Statuten als PDF Vorstand Der Verein &#8216;Politische Bibliothek und Diskussion Bern&#8217;Dieser besteht aus&#8230;<br \/><a class=\"read-more-button\" href=\"https:\/\/polit-bibliothek.ch\/?page_id=48\">Read more<\/a><\/p>\n","protected":false},"author":2,"featured_media":0,"parent":0,"menu_order":0,"comment_status":"closed","ping_status":"closed","template":"template-without-title.php","meta":{"footnotes":""},"class_list":["post-48","page","type-page","status-publish","hentry"],"_links":{"self":[{"href":"https:\/\/polit-bibliothek.ch\/index.php?rest_route=\/wp\/v2\/pages\/48","targetHints":{"allow":["GET"]}}],"collection":[{"href":"https:\/\/polit-bibliothek.ch\/index.php?rest_route=\/wp\/v2\/pages"}],"about":[{"href":"https:\/\/polit-bibliothek.ch\/index.php?rest_route=\/wp\/v2\/types\/page"}],"author":[{"embeddable":true,"href":"https:\/\/polit-bibliothek.ch\/index.php?rest_route=\/wp\/v2\/users\/2"}],"replies":[{"embeddable":true,"href":"https:\/\/polit-bibliothek.ch\/index.php?rest_route=%2Fwp%2Fv2%2Fcomments&post=48"}],"version-history":[{"count":13,"href":"https:\/\/polit-bibliothek.ch\/index.php?rest_route=\/wp\/v2\/pages\/48\/revisions"}],"predecessor-version":[{"id":260,"href":"https:\/\/polit-bibliothek.ch\/index.php?rest_route=\/wp\/v2\/pages\/48\/revisions\/260"}],"wp:attachment":[{"href":"https:\/\/polit-bibliothek.ch\/index.php?rest_route=%2Fwp%2Fv2%2Fmedia&parent=48"}],"curies":[{"name":"wp","href":"https:\/\/api.w.org\/{rel}","templated":true}]}}