{"id":67,"date":"2015-03-10T12:08:04","date_gmt":"2015-03-10T11:08:04","guid":{"rendered":"http:\/\/localhost\/?page_id=67"},"modified":"2023-02-20T12:22:28","modified_gmt":"2023-02-20T11:22:28","slug":"unser-angebot","status":"publish","type":"page","link":"https:\/\/polit-bibliothek.ch\/?page_id=67","title":{"rendered":"Unser Angebot"},"content":{"rendered":"<p>Die R\u00e4umlichkeiten in der Wohnbaugenossenschaft Warmb\u00e4chli werden an mehreren Tagen ge\u00f6ffnet sein, so dass Dokumente, B\u00fccher und Zeitschriften zug\u00e4nglich sind und konsultiert werden k\u00f6nnen. Wir haben Arbeitspl\u00e4tze eingerichtet, damit vor Ort recherchiert und Beitr\u00e4ge verfasst werden k\u00f6nnen.<\/p>\n<p>Die Bibliothek befindet sich noch im Aufbau. Wir arbeiten daran ein Bibliothekskatalog mit sinnvollen Kategorien zu erstellen. Bis dahin ist erst eine kleinere Auswahl unseres Bestandes einsehbar, die jedoch stetig erweitert wird. Bei Fragen nach bestimmten B\u00fcchern k\u00f6nnt ihr euch gerne an uns wenden.<\/p>\n<h3>Zeitschriften<\/h3>\n<p>Momentan sind \u00fcber 40 Zeitschriften in deutscher, englischer, franz\u00f6sischer, italienischer und spanischer Sprache vorhanden.<\/p>\n<p><a href=\"http:\/\/polit-bibliothek.ch\/wp-content\/uploads\/2022\/03\/Zeitschriftenliste-aktuell.pdf\">Hier<\/a> eine m\u00f6gliche Auswahl an Zeitschriften, die in der Bibliothek vorhanden sind.<\/p>\n<h3>B\u00fccher<\/h3>\n<p>Mehrere Tausend B\u00fccher zu Theorie und Praxis sozialer Bewegungen seit den 1970er-Jahren werden verf\u00fcgbar sein. Momentan befindet sich erst ein Teil unserer k\u00fcnftigen Sammlungen in der Bibliothek, da wir uns erst in der Aufbauphase befinden.<\/p>\n<p><a href=\"http:\/\/polit-bibliothek.ch\/wp-content\/uploads\/2016\/11\/Buecher_Auswahl-Blatt-1.pdf\">Hier<\/a> eine m\u00f6gliche Auswahl an B\u00fccher, die in der Bibliothek vorhanden sein werden.<\/p>\n<p>Ausserdem haben wir einige interessante Comic aufgenommen. Die Themen sind vielf\u00e4ltig; von Identit\u00e4tsfragen, \u00fcber Feminismus und Kapitalismus bis hin zu historischen Ereignissen und Reportagen ist einiges dabei. Eine Liste der verf\u00fcgbaren Comic gibt es hier:<\/p>\n<p><a href=\"http:\/\/polit-bibliothek.ch\/wp-content\/uploads\/2023\/02\/Comic-der-Politbibliothek-1.pdf\">Comic der Politbibliothek<\/a><\/p>\n<h3>Dokumente<\/h3>\n<p>Zu sozialen Bewegungen aus den Bereichen Politik (parlamentarische und ausserparlamentarische), Gewerkschaftsaktivit\u00e4ten, Migration, Frauen, Jugend, Universit\u00e4t, \u00d6kologie. Wie gross diese Best\u00e4nde sein werden, ist noch schwierig abzusch\u00e4tzen, da der Verein darauf angewiesen ist, dass verschiedene Personen ihre Dokumente zur Verf\u00fcgung stellen.<\/p>\n<p><a href=\"http:\/\/polit-bibliothek.ch\/wp-content\/uploads\/2016\/11\/Soziale_Bewegungen_Auswahl.pdf\">Hier<\/a> eine m\u00f6gliche Auswahl an sozialen Bewegungen, von denen in der Bibliothek Dokumente vorhanden sein sollen.<\/p>\n<h3>Archiv<\/h3>\n<p>Das Archiv ist ein Ort mit Quellenmaterial, das die Geschichte belegt und sie lebendig werden l\u00e4sst. Wir wollen aus der Geschichte lernen &#8211; und wir wollen die Arbeit von den unterschiedlichsten Akteurinnen und Akteuren w\u00fcrdigen.<\/p>\n<h3>Brett- und Kartenspiele<\/h3>\n<p>Wir bieten Brett- und Kartenspiele an, die zum Zeitvertrieb in der Bibliothek gespielt werden k\u00f6nnen. Mitglieder der Polit Bibliothek und Bewohnende des Holligerhofs 8 k\u00f6nnen die Spiele auch ausleihen. Darunter finden sich Spiele f\u00fcr Kenner:innen, Familien und Kinder &#8211; eine Liste davon gibt es <a href=\"http:\/\/polit-bibliothek.ch\/wp-content\/uploads\/2023\/02\/Spiele-der-Politbibliothek.pdf\">hier<\/a>.<\/p>\n\n\n<p><\/p>\n","protected":false},"excerpt":{"rendered":"<p>Die R\u00e4umlichkeiten in der Wohnbaugenossenschaft Warmb\u00e4chli werden an mehreren Tagen ge\u00f6ffnet sein, so dass Dokumente, B\u00fccher und Zeitschriften zug\u00e4nglich sind und konsultiert werden k\u00f6nnen. Wir haben Arbeitspl\u00e4tze eingerichtet, damit vor Ort recherchiert und Beitr\u00e4ge verfasst werden k\u00f6nnen. Die Bibliothek befindet&#8230;<br \/><a class=\"read-more-button\" href=\"https:\/\/polit-bibliothek.ch\/?page_id=67\">Read more<\/a><\/p>\n","protected":false},"author":2,"featured_media":0,"parent":0,"menu_order":0,"comment_status":"closed","ping_status":"closed","template":"template-without-title.php","meta":{"footnotes":""},"class_list":["post-67","page","type-page","status-publish","hentry"],"_links":{"self":[{"href":"https:\/\/polit-bibliothek.ch\/index.php?rest_route=\/wp\/v2\/pages\/67","targetHints":{"allow":["GET"]}}],"collection":[{"href":"https:\/\/polit-bibliothek.ch\/index.php?rest_route=\/wp\/v2\/pages"}],"about":[{"href":"https:\/\/polit-bibliothek.ch\/index.php?rest_route=\/wp\/v2\/types\/page"}],"author":[{"embeddable":true,"href":"https:\/\/polit-bibliothek.ch\/index.php?rest_route=\/wp\/v2\/users\/2"}],"replies":[{"embeddable":true,"href":"https:\/\/polit-bibliothek.ch\/index.php?rest_route=%2Fwp%2Fv2%2Fcomments&post=67"}],"version-history":[{"count":18,"href":"https:\/\/polit-bibliothek.ch\/index.php?rest_route=\/wp\/v2\/pages\/67\/revisions"}],"predecessor-version":[{"id":524,"href":"https:\/\/polit-bibliothek.ch\/index.php?rest_route=\/wp\/v2\/pages\/67\/revisions\/524"}],"wp:attachment":[{"href":"https:\/\/polit-bibliothek.ch\/index.php?rest_route=%2Fwp%2Fv2%2Fmedia&parent=67"}],"curies":[{"name":"wp","href":"https:\/\/api.w.org\/{rel}","templated":true}]}}